o - 3. Give b(4).
-63
Let i(c) = -3*c + 6. Determine i(1).
3
Let w(o) = -2*o**3 - 3*o**2 - 2*o + 1. Determine w(-2).
9
Let v(d) = -40*d + 485. What is v(12)?
5
Let x(b) = -6*b - 288. Calculate x(-47).
-6
Let m(s) = 3*s - 6. Give m(-2).
-12
Let q(g) = g**2 + 12*g + 25. Give q(-14).
53
Let q(v) = 7*v - 9. Determine q(4).
19
Let z(u) = -12*u - 24. Give z(-6).
48
Let f(s) = s**2 + 7*s - 35. What is f(-11)?
9
Let n(w) = w - 11. Calculate n(11).
0
Let p(f) = 13*f - 66. Give p(5).
-1
Let x(a) = -2*a**2 - 27*a + 33. What is x(-14)?
19
Let r(u) = u**3 - 23*u**2 + 26*u - 14. Determine r(22).
74
Let d(u) = -u**2 + 10*u - 10. Determine d(6).
14
Let u(g) = 8*g**2 - 7*g - 1. Determine u(3).
50
Let m(p) = p**2 + 30*p + 45. Calculate m(-29).
16
Let u(y) = -y**3 + 8*y**2 + 3*y + 11. What is u(9)?
-43
Let l(q) = -q**3 - 8*q**2 + 85*q + 4. Determine l(6).
10
Let h(o) = -19*o + 16. Calculate h(3).
-41
Let r(w) = -3*w + 35. Determine r(8).
11
Let i(q) = q + 49. Determine i(-38).
11
Let d(j) = -j**3 + 22*j**2 - 17*j + 6. Calculate d(21).
90
Let n(a) = -2*a**3 + 98*a**2 - a + 17. Determine n(49).
-32
Let p(s) = -s**3 - s**2 + s - 3. Give p(0).
-3
Let h(g) = g**3 - 7*g**2 - 24*g + 47. Determine h(9).
-7
Let m(c) = -c**3 - 17*c**2 + 15*c - 53. Give m(-18).
1
Let n(l) = -l**2 - 17*l - 53. Calculate n(-13).
-1
Let x(h) = 2*h**2 - h + 2. Calculate x(2).
8
Let w(v) = -v**3 - 11*v**2 - 18*v - 3. Give w(-9).
-3
Let s(j) = j**3 + 11*j**2 + 13*j + 1. Give s(-9).
46
Let l(w) = w**2 - 4*w - 1. Determine l(2).
-5
Let v(o) = o**3 - 2*o**2 + 1. Determine v(2).
1
Let a(t) = 3*t**3 - 4*t**2 + 4*t + 3. What is a(2)?
19
Let l(a) = -2*a**2 - a - 4. Determine l(0).
-4
Let i(t) = -2*t**2 + 26*t + 47. Calculate i(-2).
-13
Let r(w) = -4*w. Give r(3).
-12
Let z(l) = -l**2 + 11*l + 12. What is z(10)?
22
Let n(s) = -s**2 - 15*s + 1. Determine n(-15).
1
Let l(g) = g**2 + 14*g - 16. Determine l(-15).
-1
Let q(f) = 5*f - 187. What is q(37)?
-2
Let k(n) = n - 9. Calculate k(14).
5
Let f(g) = -g**3 + 9*g**2 - 5*g - 8. Give f(6).
70
Let g(i) = i**3 - 18*i**2 + 22*i - 392. Calculate g(18).
4
Let n(j) = -5*j + 15. Give n(-8).
55
Let t(q) = 4*q - 5. Calculate t(0).
-5
Let g(v) = v**2 - 12*v + 39. Calculate g(6).
3
Let b(h) = -h**3 + 5*h**2 - 4*h - 8. What is b(6)?
-68
Let c(q) = q - 6. What is c(5)?
-1
Let d(v) = -4*v**2 - 26*v - 8. Give d(-6).
4
Let b(g) = 38*g + 273. Calculate b(-7).
7
Let c(g) = g**3 + g**2 + 4*g + 25. What is c(0)?
25
Let n(m) = m**2 + 7*m - 7. Give n(-10).
23
Let m(d) = 4*d**2 - 33*d + 20. What is m(7)?
-15
Let j(a) = 2*a**3 + 29*a**2 + 12*a - 20. Calculate j(-14).
8
Let o(x) = 2*x**3 + 3*x**2 - x - 12. Calculate o(-3).
-36
Let i(d) = -9*d**3 + d**2 + 3*d - 2. Give i(1).
-7
Let u(c) = -c**3 - 18*c**2 - 28*c + 33. Give u(-16).
-31
Let x(m) = m**3 - 12*m**2 - 14*m + 18. Calculate x(13).
5
Let p(k) = -11*k**2 + k - 1. Give p(-3).
-103
Let k(f) = f**2 - 19*f + 31. Determine k(17).
-3
Let p(x) = 7*x - 4. Give p(5).
31
Let m(x) = -2*x**2 - 43*x + 15. Determine m(-22).
-7
Let m(n) = -n + 14. What is m(8)?
6
Let z(o) = 20*o - 6. Calculate z(-2).
-46
Let u(k) = k**2 + 29*k + 214. Calculate u(-14).
4
Let f(w) = w**2 + 50*w + 97. What is f(-48)?
1
Let j(y) = -y**3 + 26*y**2 - y + 16. Calculate j(26).
-10
Let j(m) = -6*m + 50. What is j(6)?
14
Let s(h) = -5*h - 8. Give s(7).
-43
Let v(d) = -12*d - 3. Calculate v(-3).
33
Let n(h) = h**3 - 12*h**2 - 16*h + 42. Give n(13).
3
Let x(v) = v + 4. Determine x(-4).
0
Let m(d) = -d**3 + 16*d**2 - 6. What is m(16)?
-6
Let v(z) = -z + 12. Calculate v(13).
-1
Let q(b) = b**2 + 18*b - 8. Determine q(-6).
-80
Let j(g) = g**3 + 13*g**2 + 22*g - 8. Determine j(-11).
-8
Let w(u) = -u**3 - 2*u**2 + 5*u + 1. Calculate w(-4).
13
Let h(m) = -m**2 - 4*m + 3. Determine h(-5).
-2
Let u(k) = -k**2 - 20*k - 101. What is u(-12)?
-5
Let y(b) = 10*b - 254. Determine y(25).
-4
Let f(r) = r**3 - 13*r**2 - 12*r - 29. Calculate f(14).
-1
Let i(t) = -t**3 + 5*t**2 - 4*t - 2. Determine i(4).
-2
Let x(y) = -y**3 - 8*y**2 - 6*y - 6. What is x(-7)?
-13
Let r(k) = k**2 - 5*k - 38. Determine r(10).
12
Let o(w) = -w**3 - 10*w**2 + 26*w + 10. Give o(-12).
-14
Let x(n) = -n + 2. What is x(6)?
-4
Let l(n) = -n + 33. What is l(8)?
25
Let p(i) = i**2 - 5*i - 65. Determine p(-6).
1
Let v(c) = c**3 + 6*c**2 - 6*c - 7. Calculate v(-7).
-14
Let c(d) = -d + 27. Give c(22).
5
Let j(y) = y**2 + 18*y - 65. Calculate j(-21).
-2
Let w(g) = g**3 + 7*g**2 + 11*g + 14. Give w(-7).
-63
Let m(n) = 4*n**2 - 26*n - 10. What is m(7)?
4
Let g(b) = -b**3 + 4*b**2 + b + 15. Determine g(0).
15
Let w(h) = h**2 - 10*h + 8. What is w(7)?
-13
Let c(w) = -w**3 + 9*w**2 + 2*w - 7. Determine c(6).
113
Let q(z) = z**3 + 17*z**2. Determine q(-17).
0
Let l(a) = a**3 - a**2 + 57. What is l(0)?
57
Let s(i) = -i**2 - 9*i + 17. Determine s(-11).
-5
Let o(f) = -2*f**2 + 9*f + 9. Give o(8).
-47
Let i(x) = -17*x - 29. Determine i(-5).
56
Let i(j) = -2*j - 5. Give i(4).
-13
Let m(w) = w + 32. Calculate m(-10).
22
Let w(c) = 2*c**3 - 14*c**2 + 4*c - 29. Calculate w(7).
-1
Let k(s) = 7*s + 3. Determine k(0).
3
Let b(w) = -3*w**2 - 3*w + 43. Calculate b(5).
-47
Let b(q) = 2*q**3 + 6*q**2 + 12*q - 3. What is b(-4)?
-83
Let x(l) = -2*l + 33. Give x(16).
1
Let p(o) = o**3 - 6*o**2 - 2*o + 13. Give p(6).
1
Let m(w) = 3*w**3 - 57*w**2 - 2*w + 39. What is m(19)?
1
Let u(x) = -x**3 - 7*x**2 + 2*x - 3. Give u(-8).
45
Let c(g) = g**3 + 3*g**2 - 4*g + 4. Calculate c(-4).
4
Let n(q) = -3*q - 49. Give n(-11).
-16
Let o(b) = -4*b + 22. Give o(10).
-18
Let k(h) = 3*h + 57. Determine k(-18).
3
Let w(k) = -k**3 - 5*k**2 + k - 6. Give w(-6).
24
Let s(c) = -15*c + 1. Calculate s(2).
-29
Let l(z) = -18*z - 68. What is l(-3)?
-14
Let f(d) = -8*d + 52. Give f(7).
-4
Let a(i) = -8*i + 21. What is a(2)?
5
Let m(t) = t**3 + 16*t**2 - 20*t - 48. Calculate m(-17).
3
Let s(o) = o**2 - 7*o + 1. Calculate s(8).
9
Let i(r) = -3*r + 8. Give i(4).
-4
Let b(d) = d**2 - 13*d. Determine b(18).
90
Let w(f) = f**3 - 14*f**2 + 20*f + 17. What is w(12)?
-31
Let f(w) = -w**3 + 11*w**2 - 10*w - 7. Give f(10).
-7
Let g(f) = -18*f - 44. What is g(0)?
-44
Let g(y) = 5*y + 35. What is g(-7)?
0
Let d(k) = -2*k**2 - 14*k + 8. Determine d(-7).
8
Let q(i) = i**2 - 29*i - 166. What is q(-5)?
4
Let m(o) = -o**3 + 13*o**2 + o - 1. Calculate m(13).
12
Let d(v) = -v**3 - 6*v**2 + v - 11. What is d(-6)?
-17
Let z(b) = -b**3 + 9*b**2 - 11*b + 26. Give z(8).
2
Let x(y) = -12*y + 169. Calculate x(19).
-59
Let c(g) = 2*g**3 - 6*g**2 - 6*g - 4. What is c(6)?
176
Let y(k) = 4*k - 33. Give y(9).
3
Let z(a) = -a**3 + 17*a**2 + 17*a + 24. Determine z(18).
6
Let g(v) = -2*v - 10. Give g(-3).
-4
Let c(a) = -2*a + 3. Calculate c(0).
3
Let b(f) = -2*f**2 + 4*f - 7. Give b(4).
-23
Let h(b) = 8*b. Give h(4).
32
Let l(j) = 112*j - 460. Give l(4).
-12
Let g(m) = -m**2 + 34*m - 160. What is g(28)?
8
Let a(k) = k**3 + 26*k**2 + 48*k - 20. Give a(-24).
-20
Let x(u) = 8*u + 24. Determine x(-5).
-16
Let n(x) = -x + 23. What is n(-3)?
26
Let g(r) = -3*r - 13. Determine g(-8).
11
Let j(b) = 9*b + 3. What is j(4)?
39
Let x(d) = -d - 10. What is x(-6)?
-4
Let g(o) = 8*o - 11. Give g(-6).
-59
Let h(t) = 2*t + 19. Give h(-5).
9
Let k(n) = 23*n - 26. Determine k(1).
-3
Let n(l) = 25*l**2 + 1. Calculate n(1).
26
Let c(q) = q**2 - 14*q + 37. Give c(11).
4
Let m(u) = -2*u**2 - 215*u - 927. Calculate m(-103).
0
Let g(i) = -i - 23. Determine g(-12).
-11
Let r(j) = j**2 - 11*j + 5. Calculate r(4).
-23
Let l(t) = -t**2 + 10*t + 6. Give l(5).
31
Let d(o) = -o**2 - 18*o + 10. Give d(-8).
90
Let u(c) = c**3 + 5*c**2 - 2*c. What is u(-4)?
24
Let v(t) = t**3 - 8*t**2 - 7*t + 6. What is v(8)?
-50
Let d(a) = a**3 - 15*a**2 + 8*a + 18. Give d(14).
-66
Let u(p) = -7*p + 99. What is u(14)?
1
Let y(k) = -k**3 + 4*k**2 - 6*k + 3. Give y(3).
-6
Let o(i) = i**2 - 7*i - 6. What is o(4)?
-18
Let m(x) = 9*x + 12. Calculate m(-4).
-24
Let x(r) = 2*r**3 - 3*r**2 - 3*r + 1. What is x(2)?
-1
Let v(p) = p**2 + 7*p + 1. Give v(-6).
-5
Let g(s) = 24*s - 7. Determine g(2).
41
Let y(o) = 2*o**3 + 60*o**2 + 2*o + 52. Give y(-30).
-8
Let i(u) = 14*u - 3. Calculate i(1).
11
Let w(a) = a + 3. Give w(-6).
-3
Let f(b) = 2*b - 94. Determine f(23).
-48
Let u(s) = 2*s**3 - 4*s**2 - 4*s + 8. Calculate u(3).
14
Let r(j) = -j**2 - 11*j - 6. Give r(-10